0/(-12). What are the prime factors of 1/((-3)/(-7 - c))?
2
Suppose -4*a = -242 - 86. What are the prime factors of a?
2, 41
Let y be 1/(2/8 - 0). Suppose y = 4*h, 7*j + 34 = 2*j + 4*h. Let i(c) = -c - 3. List the prime factors of i(j).
3
Let j(x) = -x**3 - 20*x**2 - 7*x + 1. List the prime factors of j(-20).
3, 47
Suppose 4*a = -3*c + 51, 19 = 4*c - 5*a - 49. Let f be ((-6)/8)/(7/84). Let l = c + f. List the prime factors of l.
2
Let b = -11 - -11. Suppose b = -4*h - 7 + 107. What are the prime factors of h?
5
Let u(z) = -3*z**3 - 2*z**2 + 4*z + 4. List the prime factors of u(-2).
2, 3
Suppose -3*k + 6 = -3*x - k, 3*x - 15 = -5*k. Suppose x = y - g - 10, 4*g + 0 = -2*y + 2. What are the prime factors of y?
7
Let w(f) = -f - 2. Let o be w(-6). Suppose 36 = -5*i - 4. Let b = o - i. What are the prime factors of b?
2, 3
Let u be (-26)/4*4/(-2). Let k = 2 + u. What are the prime factors of k?
3, 5
Let k be 1*((-55)/(-1) + -2). Let x = k - 31. What are the prime factors of x?
2, 11
Suppose 0 = w - 2*w - y, -5*w - 3*y + 2 = 0. Let i be w + 0 + 17 + -2. Suppose -i + 6 = -d. List the prime factors of d.
2, 5
Let i = 50 + 50. Suppose -5*m - 3*a - a = -i, -3*m - 5*a = -60. What are the prime factors of m?
2, 5
Let p(t) = t**3 - 9*t**2 - 10*t + 2. Let m be p(10). Suppose 0 = -m*o + a + 27, a + 0 + 1 = 0. List the prime factors of o.
13
Let t = 193 - 108. List the prime factors of t.
5, 17
Let f(g) = g + 9. Let p be f(-6). Suppose 8*c = p*c. Suppose 0 = -c*h - 2*h + 20. List the prime factors of h.
2, 5
Let f be (-6)/(-1 + -1) - 1. Let l be (f/(-4))/(3/(-18)). Suppose -4*q = -l*q - 9. What are the prime factors of q?
3
What are the prime factors of (39/26)/(2/4)?
3
Suppose -26 = -x - 3*j - j, 0 = -j - 2. What are the prime factors of x?
2, 17
Let j be 2/(-6) - (-26)/6. Suppose -3 = -j*l + 29. Let r(o) = o**3 - 7*o**2 - 8*o + 9. What are the prime factors of r(l)?
3
Suppose -3*r + 55 = -4*m, 5*r + 2*m + 2*m = 81. What are the prime factors of r?
17
Let b(g) = g - 3. Let y be b(5). Suppose 0 = -3*o - o + 112. Suppose y*h = 5*u + 3*h - 5, 4*u - 4*h - o = 0. List the prime factors of u.
2
Let g be 2/2 - -2 - 9. What are the prime factors of (g*(-2 - -3))/(-2)?
3
Let x = -6 - -6. List the prime factors of (-2 - -7) + (1 - x).
2, 3
Let l(d) = -4*d - 7. Let f(j) = j. Let u be f(-8). What are the prime factors of l(u)?
5
Let q = 25 + -21. Suppose -9*m + q*m = -75. What are the prime factors of m?
3, 5
Suppose -8*c + 403 = 5*c. List the prime factors of c.
31
Let f(i) = 14*i**3 + 4 - 2*i**2 + 0*i**3 + 2*i - 5. Suppose -3*t - 2*l - 2 - 3 = 0, 4*t + 2*l + 4 = 0. List the prime factors of f(t).
13
Suppose 2*r + 5*s + 4 = 598, 0 = -r - 2*s + 298. What are the prime factors of r?
2, 151
Let l(h) = -h**3 - h**2 - 2*h. Suppose 1 = -g - 1. Let c be l(g). What are the prime factors of ((-5)/(-2))/(4/c)?
5
Let d(u) = 2*u**2 - 5*u - 4. Let v(o) = 2*o**2 - 6*o - 4. Let i(n) = 3*d(n) - 2*v(n). What are the prime factors of i(-3)?
23
Suppose 4*g + 5 = -3*k - 7, 3*g = 3*k + 12. Suppose 30 = -g*q - 5*q. List the prime factors of 2/q*(-84)/4.
7
Suppose -4*p - j + 28 = 0, 3*p + 0*j = -3*j + 12. Suppose 0 = c + 4*z - 11, 3*z = p*c - 4*c - 82. List the prime factors of c.
19
Let i = -2 - -2. Suppose 3*w + 4*b + 0 + 35 = i, -4*b + 28 = -4*w. List the prime factors of (-1 + 4)/(w/(-42)).
2, 7
Suppose -5*u + 20 + 0 = 0. Suppose -u*z + 2 = -3*z. Let g = z + 7. What are the prime factors of g?
3
Suppose 0 = 8*o - 5*o - 66. Let x = o - 18. What are the prime factors of x?
2
Suppose 5*v = g - 23, 4*g - 2*g = -3*v - 6. Suppose -3*f = 2*f - g*w - 3, -8 = -2*w. Suppose f*p = -0 + 27. List the prime factors of p.
3
Let b(u) = 4*u**3 - u**2 + u. Let r be b(1). Let c = 6 - 6. Suppose -4*n = -3*z - 32, -r*n - 2*z + 1 + 11 = c. List the prime factors of n.
5
Suppose x = -4*x - m - 69, 0 = -5*x - 5*m - 65. Let p = x + 25. Suppose -5*l + p = -69. List the prime factors of l.
2
Let p(r) = -r**3 - 4*r**2 - 3*r. Let o be p(-2). Let b be o/(-3 - (-57)/21). Suppose 0 = b*k - 3*k - 44. What are the prime factors of k?
11
Let k(r) = -r**2 - 6*r + 1. Let x be k(-5). Let f = -7 - -16. Let c = f - x. What are the prime factors of c?
3
Let k = -7 - -11. Suppose -a + 2*b - 7 = -3*b, 33 = 3*a + 3*b. Suppose 2*t - 2*s = -0*s + a, 3*s = -k*t + 16. List the prime factors of t.
2
Suppose 5*o - 6 = -y + 3*o, -2*o = 5*y - 14. What are the prime factors of y?
2
Suppose -5*f + 2*n = -5 - 18, 5*f = -4*n + 29. Let p be (-4)/2 + f - 0. What are the prime factors of (p - 1)*3 - -3?
3
Suppose 2*t = -d + 2*d - 15, -3*d - 5*t = -34. What are the prime factors of d?
13
Let b = -1 + 20. List the prime factors of b.
19
Suppose -4*r - 2 + 170 = 0. What are the prime factors of r?
2, 3, 7
Suppose -3*u + 0*u + 42 = -3*y, 3*y = 0. What are the prime factors of u?
2, 7
Let t(j) = 17*j + 1. List the prime factors of t(5).
2, 43
Suppose b + 3*u = -13, 2*b = 2*u - 0 - 2. Let l = b - -7. Suppose 3*s - 2*j - 24 = 0, 0 = -l*s - 0*s + 3*j + 21. List the prime factors of s.
2, 5
Suppose 3*h + 2*z - 26 = 0, h + 4 = 5*z - 10. Let l = h + -4. What are the prime factors of l?
2
Let t = -5 + 8. Suppose 4*k + t = 15. List the prime factors of k.
3
Suppose 2*h - 2*f = 56, -2*h + 134 = 3*h - 3*f. List the prime factors of h.
5
Let h be -2*(2 + -1) - 2. What are the prime factors of (h/3)/((-8)/156)?
2, 13
Suppose -3*k + 0 = 6, -4*k - 4 = 2*f. Let r(s) = f + 4*s**2 - 1 - 2. What are the prime factors of r(-1)?
3
Suppose 2*z + 260 = -3*z. Let u = z + 93. What are the prime factors of u?
41
Let x(c) = -c + 3. Let u be x(4). Let j(o) = 9*o**3 + o**2. Let t be j(u). Let n = t + 12. What are the prime factors of n?
2
Suppose 472 = 4*s - 4*k, -340 = -3*s - 2*k - 2*k. Let u = s + -79. List the prime factors of u.
37
Let v(j) = j + 4. Let o be v(-6). What are the prime factors of (o + -2)*(-10)/4?
2, 5
Suppose -2*j - 3 = 9. Let d = 3 - j. What are the prime factors of d?
3
Let x(z) = z**2 + z - 4. Let i(d) = d**2 + 2*d - 4. Let f be i(-4). What are the prime factors of x(f)?
2
List the prime factors of (0 - 23)*(-20)/10.
2, 23
Let c = 4 - 1. Suppose -c*f + f + 4 = 3*k, -5*f - 3*k + 28 = 0. What are the prime factors of f?
2
Let c(p) = p**2 + 6*p - 5. Let x = 5 - 3. Suppose -x*w = -4*k - 40, -5*w + 32 = -5*k - 28. List the prime factors of c(k).
11
Let b(p) = p**3 + 8*p**2 + 8*p. Suppose 5*l = -15 - 20. Let m be b(l). List the prime factors of 2/m - 30/(-7).
2
Suppose -2*s - 3*u + 81 = 0, 0*u + 164 = 4*s + 4*u. What are the prime factors of s?
2, 3, 7
Suppose 5*w = -4*v - 25, -3*w = -5*v - 2*w + 5. Suppose v = 4*s + 2*u - 34, -4*u = -s - 2*u + 11. What are the prime factors of s?
3
Let q = -11 + 17. Let w = 10 - q. List the prime factors of w.
2
Suppose -2*z + 24 = 2*z. Let u = z - -6. List the prime factors of u.
2, 3
Let u = 143 - -20. List the prime factors of u.
163
Suppose 4*m + w - 21 = 0, -9 = -m - 3*w + 10. Suppose 4*p + 37 = -x - 0*x, 5*p = -m*x - 38. List the prime factors of (0 - -2)*(-65)/p.
13
Let l be 1 - 2 - (-3 + 1). Suppose g = l + 2. List the prime factors of g.
3
Let l = -6 - -8. Let i = l - 6. Let m = i + 8. List the prime factors of m.
2
Let h(x) = x**3 + 6*x**2 + x - 7. What are the prime factors of h(-5)?
13
Let z = -2 - -1. Let i be (z - (-1 - -2)) + 7. Suppose 3*g = 19 + i. List the prime factors of g.
2
Let l be (-1)/(-3) - (-104)/12. Let s(x) = l*x**2 - 6*x + x**2 + 6 - 9*x**2. List the prime factors of s(7).
13
List the prime factors of -5*8/(-60) - (-496)/3.
2, 83
Suppose -9 = 3*z, 0*z - 22 = -h + 4*z. List the prime factors of h.
2, 5
Suppose -60 = -5*v + 60. List the prime factors of v.
2, 3
Let g = 94 + -22. What are the prime factors of g?
2, 3
Let r(k) = -5*k**2 + 3*k + 1. Let b(s) = 4*s**2 - 2*s - 1. Let y(c) = -6*b(c) - 5*r(c). List the prime factors of y(6).
19
Suppose 3*r = 3 + 12. Let u = 20 - 12. Let a = u - r. List the prime factors of a.
3
Let c = -7 + 2. Let x = c - -10. Suppose 16 + 29 = x*h. List the prime factors of h.
3
Suppose 4*q + 13 = 5. Let s be (1/(-2))/((-1)/q). Let m = s + 11. What are the prime factors of m?
2, 5
Let l(q) = 2*q**2 - 11*q - 63. What are the prime factors of l(13)?
2, 3, 11
Let u(w) = w**3 + 4*w**2 - 3*w - 4. Let m be u(-4). Let n = m + -6. Suppose n*x - 42 = -x. What are the prime fac